composite number?
True
Is 25799549 a prime number?
False
Is 2190269 prime?
True
Is 35242351 composite?
False
Is 92897459 prime?
True
Is 20440337 composite?
False
Is 548001019 composite?
False
Is 3256881 a composite number?
True
Is 11619019 composite?
False
Is 3643181 a composite number?
False
Is 55771801 a composite number?
False
Is 22042429 prime?
True
Is 21682943 prime?
False
Is 43414991 a prime number?
False
Is 11225593 composite?
True
Is 1055279 composite?
True
Is 31063 a composite number?
False
Is 15672299 a prime number?
True
Is 5830907 composite?
False
Is 653024693 prime?
True
Is 50151067 a composite number?
False
Is 130036987 a composite number?
False
Is 3511021 a prime number?
False
Is 526970219 a composite number?
True
Is 32016337 prime?
False
Is 5102407 prime?
True
Is 20664851 a prime number?
True
Is 32298151 composite?
True
Is 164113 a composite number?
False
Is 276837481 a composite number?
True
Is 83651349 a composite number?
True
Is 7923449 a prime number?
True
Is 24363457 prime?
False
Is 38242 a composite number?
True
Is 4803217 a prime number?
True
Is 344370791 prime?
True
Is 27882593 a prime number?
True
Is 124469117 a prime number?
True
Is 7674173 a prime number?
False
Is 2295773 a composite number?
False
Is 5374001 a prime number?
False
Is 19964657 a prime number?
False
Is 7537003 prime?
True
Is 6383287 composite?
False
Is 284041 prime?
True
Is 80238034 prime?
False
Is 509737469 a composite number?
True
Is 19354771 a prime number?
True
Is 1244267 a prime number?
False
Is 475327 prime?
True
Is 4723283 a prime number?
True
Is 7629611 prime?
False
Is 1130347 prime?
False
Is 30238679 composite?
False
Is 12435757 a prime number?
True
Is 1405453 a prime number?
False
Is 61912001 a prime number?
True
Is 171077 a prime number?
True
Is 20193913 composite?
False
Is 3110143 composite?
False
Is 7531451 a prime number?
True
Is 8407513 composite?
False
Is 184595 prime?
False
Is 2996291 composite?
False
Is 142279177 prime?
True
Is 5885389 composite?
False
Is 34681663 prime?
False
Is 12146555 composite?
True
Is 239320793 composite?
False
Is 63584927 a prime number?
False
Is 3541546 prime?
False
Is 269910563 a prime number?
False
Is 48932089 a prime number?
False
Is 3281371 a prime number?
False
Is 12704347 prime?
True
Is 13437521 a prime number?
True
Is 42585887 composite?
False
Is 21533357 a prime number?
True
Is 10963 composite?
True
Is 64537943 prime?
True
Is 109789851 composite?
True
Is 221845813 a composite number?
True
Is 23533 composite?
True
Is 177673147 prime?
False
Is 113353147 composite?
False
Is 2519867 composite?
True
Is 9247313 a composite number?
True
Is 884503 a composite number?
True
Is 14664329 a composite number?
True
Is 15058061 a composite number?
False
Is 62100263 prime?
False
Is 652699 prime?
True
Is 2055193 composite?
True
Is 855973 prime?
False
Is 34415357 a prime number?
True
Is 1379318177 prime?
True
Is 6061703 composite?
True
Is 446150417 a prime number?
True
Is 3242165 a composite number?
True
Is 144901573 a prime number?
True
Is 8780903 a prime number?
False
Is 220314253 prime?
False
Is 14951239 a prime number?
True
Is 55614103 a prime number?
True
Is 48098669 a prime number?
True
Is 213192262 a composite number?
True
Is 2018909 a composite number?
True
Is 42265507 a composite number?
True
Is 32135081 a prime number?
False
Is 153084117 a composite number?
True
Is 518221 a prime number?
False
Is 28363921 a prime number?
False
Is 2660549 a composite number?
True
Is 78372791 prime?
False
Is 10043479 a composite number?
True
Is 24956513 a composite number?
True
Is 402332837 a prime number?
True
Is 1729187 a prime number?
True
Is 14204051 a composite number?
False
Is 512959 a prime number?
True
Is 21392729 a composite number?
False
Is 44397689 prime?
False
Is 364314317 a composite number?
False
Is 12114341 a prime number?
True
Is 214574861 composite?
True
Is 4070513 a composite number?
True
Is 496442113 composite?
False
Is 24238553 a prime number?
False
Is 29172449 composite?
False
Is 1227853 a composite number?
True
Is 858349 prime?
False
Is 58504723 a composite number?
True
Is 763547 composite?
True
Is 6899 a composite number?
False
Is 617033561 a composite number?
False
Is 227081 composite?
False
Is 13741043 prime?
False
Is 1726621 a prime number?
False
Is 725535227 composite?
False
Is 29247017 a prime number?
True
Is 14391021 composite?
True
Is 10176559 prime?
False
Is 42899 a composite number?
False
Is 1440949 a composite number?
False
Is 1393766785 a composite number?
True
Is 383988029 prime?
True
Is 439889 a prime number?
False
Is 189307 a prime number?
True
Is 87309139 composite?
False
Is 8562953 a composite number?
True
Is 13023143 prime?
False
Is 6421661 a composite number?
True
Is 15467993 composite?
True
Is 22590409 composite?
True
Is 1956053 a composite number?
True
Is 1236614819 composite?
True
Is 371207 prime?
False
Is 71514973 a prime number?
True
Is 3010667 prime?
False
Is 24751127 prime?
True
Is 3068777 a prime number?
True
Is 13250323 composite?
True
Is 610715209 composite?
True
Is 37856441 prime?
False
Is 76719719 composite?
False
Is 25621199 composite?
False
Is 387001 composite?
True
Is 23649707 composite?
False
Is 105941573 a prime number?
True
Is 7502993 composite?
True
Is 5034593 prime?
False
Is 12895481 a prime number?
True
Is 6050523 a composite number?
True
Is 41961889 composite?
False
Is 13656581 composite?
False
Is 367081331 prime?
True
Is 4881391 prime?
False
Is 11612767 prime?
False
Is 15957757 prime?
True
Is 1722821 a composite number?
False
Is 187395661 composite?
True
Is 7599779 composite?
True
Is 12677153 prime?
False
Is 2622251 a composite number?
True
Is 226136815 a prime number?
False
Is 20194471 prime?
False
Is 836449 a prime number?
True
Is 56545259 a prime number?
True
Is 7169977 composite?
False
Is 5220749 a composite number?
False
Is 1577607 prime?
False
Is 289499831 a prime number?
False
Is 29276705 composite?
True
Is 19393181 a composite number?
True
Is 879463 composite?
True
Is 18831947 composite?
False
Is 2525011 a prime number?
True
Is 2571819 a composite number?
True
Is 371099 prime?
True
Is 4563983 prime?
True
Is 647396753 a prime number?
False
Is 713584559 a composite number?
True
Is 10798141 a composite number?
True
Is 10558769 composite?
True
Is 1999477 prime?
False
Is 6298837 a prime number?
True
Is 92549 composite?
True
Is 42344837 composite?
False
Is 790423 a composite number?
True
Is 35873837 a prime number?
False
Is 55724741 a prime number?
False
Is 522206879 a prime number?
True
Is 37160531 a composite number?
True
Is 9253301 composite?
True
Is 61774103 a prime number?
False
Is 914799 prime?
False
Is 5406851 composite?
False
Is 656791 a prime number?
True
Is 10060343 composite?
False
Is 46619843 a prime number?
True
Is 111880049 composite?
False
Is 489767839 composite?
True
Is 361497113 a composite number?
False
Is 951338 prime?
False
Is 183419113 a composite number?
True
Is 22343003 prime?
True
Is 6627619 a composite number?
True
Is 5516167 prime?
True
Is 24477949 prime?
True
Is 64556279 a prime number?
False
Is 10945829 a prime number?
True
Is 86907749 prime?
True
Is 5960489 composite?
True
Is 46691681 a composite number?
True
Is 40420417 a composite number?
True
Is 19315 composite?
True
Is 5048363 a composite number?
True
Is 341985569 prime?
True
Is 433923947 composite?
False
Is 10748629 prime?
True
Is 56766491 prime?
True
Is 23791399 composite?
False
Is 98696087 a prime number?
False
Is 40731287 composite?
False
Is 2886011 composite?
False
Is 259593 composite?
True
Is 5131541 composite?
False
Is 7286483 composite?
False
Is 134489001 composite?
True
Is 375059 a prime number?
True
Is 2874631 composite?
True
Is 41531107 a composite number?
False
Is 7546471 prime?
True
Is 1000063 a composite number?
True
Is 705739 composite?
True
Is 4829941 prime?
False
Is 34201859 prime?
False
Is 4667921 a prime number?
True
Is 322643173 a composite number?
True
Is 119317 a composite number?
True
Is 43354643 composite?
False
Is 2131487 prime?
False
Is 1938619 prime?
False
Is 1187189 prime?
True
Is 917770129 a composite number?
True
Is 32666047 a composite number?
False
Is 14649581 a composite number?
False
Is 15874333 a prime number?
True
Is 104258174 a composite numb